{"id":421,"date":"2022-03-23T01:48:15","date_gmt":"2022-03-23T00:48:15","guid":{"rendered":"https:\/\/www.panoptik.sk\/web\/?page_id=421"},"modified":"2022-03-23T01:48:16","modified_gmt":"2022-03-23T00:48:16","slug":"vysetrenie-zraku","status":"publish","type":"page","link":"https:\/\/www.panoptik.sk\/web\/vysetrenie-zraku\/","title":{"rendered":"Vy\u0161etrenie zraku"},"content":{"rendered":"","protected":false},"excerpt":{"rendered":"","protected":false},"author":1,"featured_media":0,"parent":0,"menu_order":0,"comment_status":"closed","ping_status":"closed","template":"","meta":{"_et_pb_use_builder":"on","_et_pb_old_content":"","_et_gb_content_width":"","_monsterinsights_skip_tracking":false,"_monsterinsights_sitenote_active":false,"_monsterinsights_sitenote_note":"","_monsterinsights_sitenote_category":0},"yoast_head":"<!-- This site is optimized with the Yoast SEO plugin v19.13 - https:\/\/yoast.com\/wordpress\/plugins\/seo\/ -->\n<title>Vy\u0161etrenie zraku - Panoptik<\/title>\n<meta name=\"robots\" content=\"index, follow, max-snippet:-1, max-image-preview:large, max-video-preview:-1\" \/>\n<link rel=\"canonical\" href=\"https:\/\/www.panoptik.sk\/web\/vysetrenie-zraku\/\" \/>\n<meta property=\"og:locale\" content=\"sk_SK\" \/>\n<meta property=\"og:type\" content=\"article\" \/>\n<meta property=\"og:title\" content=\"Vy\u0161etrenie zraku - Panoptik\" \/>\n<meta property=\"og:url\" content=\"https:\/\/www.panoptik.sk\/web\/vysetrenie-zraku\/\" \/>\n<meta property=\"og:site_name\" content=\"Panoptik\" \/>\n<meta property=\"article:modified_time\" content=\"2022-03-23T00:48:16+00:00\" \/>\n<meta name=\"twitter:card\" content=\"summary_large_image\" \/>\n<script type=\"application\/ld+json\" class=\"yoast-schema-graph\">{\"@context\":\"https:\/\/schema.org\",\"@graph\":[{\"@type\":\"WebPage\",\"@id\":\"https:\/\/www.panoptik.sk\/web\/vysetrenie-zraku\/\",\"url\":\"https:\/\/www.panoptik.sk\/web\/vysetrenie-zraku\/\",\"name\":\"Vy\u0161etrenie zraku - Panoptik\",\"isPartOf\":{\"@id\":\"https:\/\/www.panoptik.sk\/web\/#website\"},\"datePublished\":\"2022-03-23T00:48:15+00:00\",\"dateModified\":\"2022-03-23T00:48:16+00:00\",\"breadcrumb\":{\"@id\":\"https:\/\/www.panoptik.sk\/web\/vysetrenie-zraku\/#breadcrumb\"},\"inLanguage\":\"sk-SK\",\"potentialAction\":[{\"@type\":\"ReadAction\",\"target\":[\"https:\/\/www.panoptik.sk\/web\/vysetrenie-zraku\/\"]}]},{\"@type\":\"BreadcrumbList\",\"@id\":\"https:\/\/www.panoptik.sk\/web\/vysetrenie-zraku\/#breadcrumb\",\"itemListElement\":[{\"@type\":\"ListItem\",\"position\":1,\"name\":\"Home\",\"item\":\"https:\/\/www.panoptik.sk\/web\/\"},{\"@type\":\"ListItem\",\"position\":2,\"name\":\"Vy\u0161etrenie zraku\"}]},{\"@type\":\"WebSite\",\"@id\":\"https:\/\/www.panoptik.sk\/web\/#website\",\"url\":\"https:\/\/www.panoptik.sk\/web\/\",\"name\":\"Panoptik\",\"description\":\"O\u010dn\u00e1 optika pre ka\u017ed\u00fd de\u0148.\",\"potentialAction\":[{\"@type\":\"SearchAction\",\"target\":{\"@type\":\"EntryPoint\",\"urlTemplate\":\"https:\/\/www.panoptik.sk\/web\/?s={search_term_string}\"},\"query-input\":\"required name=search_term_string\"}],\"inLanguage\":\"sk-SK\"}]}<\/script>\n<!-- \/ Yoast SEO plugin. -->","yoast_head_json":{"title":"Vy\u0161etrenie zraku - Panoptik","robots":{"index":"index","follow":"follow","max-snippet":"max-snippet:-1","max-image-preview":"max-image-preview:large","max-video-preview":"max-video-preview:-1"},"canonical":"https:\/\/www.panoptik.sk\/web\/vysetrenie-zraku\/","og_locale":"sk_SK","og_type":"article","og_title":"Vy\u0161etrenie zraku - Panoptik","og_url":"https:\/\/www.panoptik.sk\/web\/vysetrenie-zraku\/","og_site_name":"Panoptik","article_modified_time":"2022-03-23T00:48:16+00:00","twitter_card":"summary_large_image","schema":{"@context":"https:\/\/schema.org","@graph":[{"@type":"WebPage","@id":"https:\/\/www.panoptik.sk\/web\/vysetrenie-zraku\/","url":"https:\/\/www.panoptik.sk\/web\/vysetrenie-zraku\/","name":"Vy\u0161etrenie zraku - Panoptik","isPartOf":{"@id":"https:\/\/www.panoptik.sk\/web\/#website"},"datePublished":"2022-03-23T00:48:15+00:00","dateModified":"2022-03-23T00:48:16+00:00","breadcrumb":{"@id":"https:\/\/www.panoptik.sk\/web\/vysetrenie-zraku\/#breadcrumb"},"inLanguage":"sk-SK","potentialAction":[{"@type":"ReadAction","target":["https:\/\/www.panoptik.sk\/web\/vysetrenie-zraku\/"]}]},{"@type":"BreadcrumbList","@id":"https:\/\/www.panoptik.sk\/web\/vysetrenie-zraku\/#breadcrumb","itemListElement":[{"@type":"ListItem","position":1,"name":"Home","item":"https:\/\/www.panoptik.sk\/web\/"},{"@type":"ListItem","position":2,"name":"Vy\u0161etrenie zraku"}]},{"@type":"WebSite","@id":"https:\/\/www.panoptik.sk\/web\/#website","url":"https:\/\/www.panoptik.sk\/web\/","name":"Panoptik","description":"O\u010dn\u00e1 optika pre ka\u017ed\u00fd de\u0148.","potentialAction":[{"@type":"SearchAction","target":{"@type":"EntryPoint","urlTemplate":"https:\/\/www.panoptik.sk\/web\/?s={search_term_string}"},"query-input":"required name=search_term_string"}],"inLanguage":"sk-SK"}]}},"_links":{"self":[{"href":"https:\/\/www.panoptik.sk\/web\/wp-json\/wp\/v2\/pages\/421"}],"collection":[{"href":"https:\/\/www.panoptik.sk\/web\/wp-json\/wp\/v2\/pages"}],"about":[{"href":"https:\/\/www.panoptik.sk\/web\/wp-json\/wp\/v2\/types\/page"}],"author":[{"embeddable":true,"href":"https:\/\/www.panoptik.sk\/web\/wp-json\/wp\/v2\/users\/1"}],"replies":[{"embeddable":true,"href":"https:\/\/www.panoptik.sk\/web\/wp-json\/wp\/v2\/comments?post=421"}],"version-history":[{"count":1,"href":"https:\/\/www.panoptik.sk\/web\/wp-json\/wp\/v2\/pages\/421\/revisions"}],"predecessor-version":[{"id":422,"href":"https:\/\/www.panoptik.sk\/web\/wp-json\/wp\/v2\/pages\/421\/revisions\/422"}],"wp:attachment":[{"href":"https:\/\/www.panoptik.sk\/web\/wp-json\/wp\/v2\/media?parent=421"}],"curies":[{"name":"wp","href":"https:\/\/api.w.org\/{rel}","templated":true}]}}